
Calculate the greatest common factor of 238 and 170648618.
238
What is the highest common factor of 15 and 12132895?
5
What is the greatest common factor of 248792 and 362746?
454
Calculate the highest common factor of 9386 and 7909510.
722
What is the greatest common factor of 35742790 and 22979?
2089
What is the highest common divisor of 45166 and 367499?
11
Calculate the greatest common factor of 594 and 29115614.
22
Calculate the highest common factor of 92288 and 47941968.
1648
What is the highest common divisor of 97595 and 74798?
149
Calculate the greatest common factor of 364460 and 10100.
20
Calculate the greatest common divisor of 21222188 and 132.
4
What is the highest common divisor of 8991 and 7959366?
333
Calculate the highest common factor of 2804 and 42580.
4
What is the highest common factor of 10448 and 108448?
16
Calculate the greatest common factor of 6739335 and 675.
135
What is the highest common divisor of 32450 and 450122800?
2950
Calculate the greatest common divisor of 4738 and 863558.
46
Calculate the greatest common divisor of 1695 and 400359.
339
What is the highest common factor of 178 and 5083026562?
178
Calculate the highest common factor of 10503776 and 32.
32
Calculate the greatest common divisor of 5 and 1709395.
5
What is the highest common factor of 61342655 and 3245?
55
What is the highest common factor of 742651 and 959?
7
What is the greatest common factor of 1092467 and 3308?
827
What is the greatest common divisor of 2539024 and 620?
124
Calculate the highest common factor of 212 and 6412735.
53
What is the greatest common factor of 1152146 and 217?
31
Calculate the highest common factor of 48 and 73027408.
16
What is the highest common factor of 106560 and 9408?
192
Calculate the highest common factor of 790973 and 11004751.
2087
What is the greatest common divisor of 4 and 4827990?
2
Calculate the greatest common factor of 2371618 and 1786.
38
Calculate the greatest common divisor of 94215 and 24585.
165
What is the greatest common factor of 395591 and 2387?
217
Calculate the highest common divisor of 17578984 and 217.
31
What is the highest common factor of 121 and 123950343?
121
What is the highest common divisor of 25364952 and 11448?
3816
Calculate the highest common divisor of 6200 and 59400.
200
Calculate the highest common factor of 17609416 and 2992.
1496
What is the highest common factor of 83550755 and 3405?
1135
Calculate the highest common divisor of 11825481 and 956.
239
What is the highest common factor of 8688 and 528624?
48
Calculate the greatest common factor of 66 and 37113626.
22
What is the highest common divisor of 4148012 and 132?
44
What is the greatest common factor of 4966767 and 3978?
117
What is the greatest common factor of 22095744 and 176?
176
What is the greatest common divisor of 976 and 3518092528?
976
Calculate the highest common factor of 54 and 15330195.
27
Calculate the greatest common divisor of 25733312 and 11.
11
Calculate the greatest common divisor of 968 and 923792.
8
What is the highest common factor of 31104 and 15021504?
1728
Calculate the greatest common factor of 26656085 and 34.
17
Calculate the greatest common divisor of 1651321 and 4081.
371
What is the highest common divisor of 273792 and 418531?
713
Calculate the greatest common factor of 26714 and 248368.
722
Calculate the greatest common divisor of 1412278 and 406.
14
Calculate the highest common divisor of 266928 and 13308.
12
Calculate the greatest common factor of 112695 and 36630.
165
What is the highest common divisor of 21899740 and 17?
17
What is the greatest common divisor of 9722249 and 85?
17
What is the greatest common divisor of 867 and 2755734?
51
Calculate the greatest common divisor of 192740977 and 13.
13
What is the highest common divisor of 15815 and 24095?
5
What is the highest common factor of 19300 and 11300?
100
What is the highest common divisor of 605632706 and 932?
466
What is the highest common factor of 20010 and 41609461?
667
Calculate the highest common factor of 122656 and 292.
4
Calculate the greatest common factor of 97197789 and 13.
13
Calculate the greatest common factor of 5499585 and 356265.
4095
Calculate the highest common factor of 2440 and 2353258.
122
What is the highest common divisor of 616 and 827368?
8
Calculate the greatest common factor of 108 and 41147076.
12
Calculate the greatest common divisor of 5620995 and 6885.
405
What is the highest common divisor of 85 and 181580?
5
Calculate the greatest common divisor of 1520314 and 920992.
3386
What is the greatest common divisor of 69 and 36188085?
69
What is the greatest common factor of 10846 and 633182?
374
What is the greatest common factor of 92125 and 141097?
11
What is the greatest common factor of 611121 and 385?
7
What is the highest common factor of 46036102 and 28?
14
What is the greatest common factor of 19229 and 401799?
67
What is the highest common factor of 896 and 4264456?
56
Calculate the highest common factor of 57247184 and 146.
146
What is the highest common factor of 3703 and 3469711?
3703
Calculate the highest common divisor of 13910 and 4530380.
1070
What is the greatest common factor of 17493 and 151062?
51
What is the highest common factor of 10512 and 48725748?
2628
Calculate the greatest common divisor of 60 and 11780415.
15
Calculate the highest common divisor of 4459 and 36673.
91
What is the greatest common divisor of 3112728 and 2208?
552
Calculate the highest common factor of 9688 and 3365888.
1384
Calculate the highest common divisor of 1108 and 335450601.
277
Calculate the greatest common divisor of 1267663706 and 194.
194
Calculate the greatest common divisor of 2004860 and 4290.
1430
What is the highest common divisor of 17718504 and 12428?
956
What is the highest common factor of 336260 and 42908?
68
What is the highest common divisor of 8662871 and 9191?
707
What is the greatest common factor of 1140366618 and 54?
18
What is the highest common divisor of 56282208 and 72?
24
What is the highest common divisor of 3744 and 44112?
48
Calculate the highest common divisor of 23611296 and 384.
96
What is the highest common divisor of 16324784 and 308?
28
Calculate the highest common divisor of 28704650 and 19006.
1118
What is the greatest common factor of 26643 and 8079?
3
What is the greatest common factor of 31978136 and 56?
8
Calculate the highest common factor of 1157 and 747867.
89
What is the greatest common factor of 100393556 and 1220?
244
What is the greatest common divisor of 138315 and 165?
15
Calculate the highest common divisor of 718802984 and 38.
38
Calculate the highest common factor of 47373459 and 231.
21
Calculate the greatest common divisor of 2121473 and 117003.
907
Calculate the greatest common divisor of 2726 and 1286672.
2726
Calculate the greatest common factor of 492439 and 69139.
1411
What is the highest common divisor of 4422 and 51161?
11
What is the highest common factor of 12670972 and 844?
844
Calculate the greatest common factor of 678162996 and 2284.
2284
What is the highest common factor of 233949359 and 476?
119
Calculate the highest common divisor of 2510 and 34398295.
1255
What is the highest common factor of 33 and 412154523?
33
Calculate the greatest common factor of 435488 and 736.
32
What is the greatest common factor of 1518 and 21753446?
506
What is the greatest common factor of 1403 and 158711569?
1403
What is the highest common divisor of 10350 and 169875?
225
What is the highest common divisor of 48 and 3294166?
2
Calculate the greatest common divisor of 14978 and 898.
2
What is the highest common factor of 25510 and 23055938?
5102
Calculate the highest common factor of 41214376 and 13888.
1736
What is the highest common divisor of 399768 and 23592?
24
Calculate the greatest common factor of 1728741281 and 122.
61
Calculate the greatest common factor of 228895597 and 9415.
1883
What is the greatest common factor of 9 and 142141221?
9
What is the greatest common factor of 1529 and 73763825?
139
Calculate the greatest common divisor of 155848 and 140392.
1288
What is the highest common factor of 213 and 442054?
1
Calculate the greatest common factor of 2547860 and 1540.
140
What is the greatest common factor of 12836623 a